 - 9 = 2*z + 3*w. Let m(a) = -a**3 + 3*a**2 + 8. Let b be m(z). Calculate the greatest common factor of 8 and b.
8
Let i(z) = -18*z - 136. Let w be i(-12). Calculate the highest common factor of 30 and w.
10
Suppose 6*x - 7 - 17 = 0. Suppose -h - x*u - 118 + 36 = 0, -u = -5. Let a = h - -112. What is the greatest common factor of a and 35?
5
Let h be (14/(-4) + (-48)/(-16))*-30. Suppose 3*r = -0*r + 15. Suppose -3*n + r = -2*n. Calculate the highest common divisor of h and n.
5
Let b(v) = 14*v**3 - 5*v**2 + 87*v + 34. Let j be b(7). Calculate the highest common factor of j and 16.
16
Suppose 4*p = -0*o + 5*o + 2, -p - 4*o = -11. Let v be p - (-230 + -2) - 5. What is the greatest common divisor of 10 and v?
10
Let p(c) be the second derivative of c**4/12 - 6*c**2 - 21*c. Let t be p(6). Suppose -2*b + t = -0. Calculate the greatest common divisor of 6 and b.
6
Let k = -706 - -2926. Calculate the greatest common divisor of k and 10.
10
Let m be 1/(19265/1070 - 18). What is the greatest common factor of 3531 and m?
107
Let h(n) = 29*n**2 - 411*n + 15. Let u be h(15). What is the greatest common factor of 1275 and u?
75
Suppose -4*b = 5*n - 4*n + 2349, -11745 = 5*n + 3*b. Let a = n - -3376. Calculate the highest common factor of a and 13.
13
Suppose 19*d - 25*d + 72 = 0. Suppose -4*r = -u - 3*u - 32, -28 = -2*r - 4*u. Suppose -p + 2 = -r. Calculate the highest common divisor of d and p.
12
Let i be (-51519)/(-104)*14*-1*16/(-6). What is the highest common factor of 14 and i?
14
Let f(z) = -z - 5. Let i be f(-9). Suppose -i*u + 3*d - d + 56 = 0, 4*d - 28 = -2*u. Let o be 16/5 + u/(-70). What is the greatest common divisor of 3 and o?
3
Let l be 2*3/(-21) - (-33372)/84. Let g = l + 6. What is the greatest common factor of 31 and g?
31
Let n(h) = -h**3 - 18*h**2 + 7*h - 175. Let l be n(-19). Calculate the highest common factor of l and 4.
1
Let t be 654*(18 + (-420)/24). What is the greatest common factor of t and 21?
3
Let h(w) be the first derivative of w**2 + 2*w + 59. Let b be h(1). Calculate the highest common factor of 32 and b.
4
Suppose 42 = 13*t + 3. Let a(j) = -20*j - 11. Let m be a(-5). Suppose 4*i + 2*o + 0*o - 112 = 0, -4*o = 3*i - m. What is the highest common divisor of i and t?
3
Suppose -4*d - p = -0*p - 2221, 0 = 4*d - 4*p - 2216. What is the highest common factor of 45 and d?
15
Let r = 2786 + -2393. What is the greatest common factor of r and 12?
3
Let l(i) = -i**2 - 25*i + 52. Let r be l(-26). Calculate the highest common factor of 8138 and r.
26
Let w(o) = -4*o**2 + 24*o + 67. Let v be w(8). Let b = -28 - -67. What is the greatest common factor of v and b?
3
Let o be 2 - 5/2 - 1017/6. Let t = o + 181. Calculate the greatest common factor of t and 330.
11
Let q(o) = -1479*o + 10527. Let u be q(7). Let a(c) = -c**2 + 7*c - 6. Let z be a(4). Calculate the highest common divisor of z and u.
6
Let g(f) = 8*f - 25. Let n be g(11). Suppose -705 = n*v - 68*v. Let t be v*((-33)/(-45) - 4/10). Calculate the greatest common factor of 235 and t.
47
Let o(d) = 18*d + 3*d + d**2 + 4 - d**3 + 2*d**2 + 4*d**2. Let y be o(9). Calculate the greatest common divisor of y and 248.
31
Suppose -3*o - 3*w = -8*w + 6, 2*o - 27*w = -288. Let p(y) = 42*y - 9. Let b be p(6). Calculate the highest common factor of b and o.
9
Let b(x) = -4*x - 7. Suppose 0*z - 4 = 2*z, 7 = -y - z. Let s be b(y). Calculate the greatest common factor of 91 and s.
13
Let a be 11 - ((-9)/21 - (-90)/14). Suppose -46 = -a*f - n, 0 = -8*f + 9*f - 3*n - 22. Calculate the highest common divisor of f and 15.
5
Let w(c) = 5*c**2 + 3*c + 28. Let o be (-1 + -1)/(10/5). Let l be o/((-30)/8 - -4). Let s be w(l). What is the greatest common divisor of 48 and s?
48
Let s = 303 + -300. Suppose 0 = 4*c - 4, -72 - 2 = -s*z + c. Let m be (11 - 1)*(-75)/(-10). What is the highest common factor of z and m?
25
Suppose 6*l - 10 = 26. Suppose -24*k + 25*k - l = 0. Calculate the greatest common factor of k and 3.
3
Let r be (-4394)/(-182) - (63/98 - 2/4). Let c be (-579)/(-6) + (-2)/4. Calculate the greatest common divisor of r and c.
24
Let m(v) = 3*v**2 - 42*v + 76. Let a(p) = -p**2 + 14*p - 26. Let d(k) = 8*a(k) + 3*m(k). Let c be d(13). What is the greatest common factor of c and 3?
1
Let b be ((-26)/10 - -3) + (-144)/(-40). Suppose 0 = 3*j - 5*p - b, 10*j = 5*j + p + 36. What is the greatest common factor of 5 and j?
1
Let u be ((-24)/(-14))/((-1)/(-35)). Suppose 277*o - 8385 = 48407 + 9688. Calculate the highest common factor of o and u.
60
Let c be ((-6)/(-1))/(9/6). Suppose 0 = a + 1, 0 = -0*q + c*q - 5*a - 101. Let j be 240/q*2/4. Calculate the greatest common factor of 45 and j.
5
Let p = -931 - -593. Let i = p + 498. Calculate the highest common divisor of i and 20.
20
Suppose 497 = 3*q - 139. Let b be -5*(-15)/75*1*53. What is the highest common divisor of q and b?
53
Let k(j) = -j**3 + 6*j**2 + 9*j - 12. Let g be k(7). Suppose g*w = 36 - 12. What is the greatest common divisor of w and 128?
4
Let u be (-24)/(-6)*-22 - (-1)/1. Let i = 91 + u. Suppose -91 = -g - 3*y, -6*y + i*y + 90 = g. Calculate the highest common divisor of 11 and g.
11
Let v(y) = -92*y + 327. Let z be v(3). Calculate the highest common factor of z and 4964.
17
Let f(a) = 10*a**2 - 2*a. Let w be f(-2). Suppose 17*n - 790 = 2304. Let c = n + -178. What is the greatest common factor of c and w?
4
Suppose 5 = -o, -2*l + 3*o = -277 - 266. Let d be (80/(-25))/((-2)/(-15)). Let y = 48 + d. What is the greatest common divisor of l and y?
24
Let w(i) = -931*i + 22744. Let v be w(10). What is the greatest common divisor of v and 18?
6
Let a be -160*(114/(-76) - 0/2). Calculate the highest common divisor of 150 and a.
30
Let t = -80 - -86. Suppose -38 + 164 = t*w. Let s be (-3 + w/9)/(4/(-6)). What is the greatest common divisor of s and 3?
1
Suppose 36 = 3*f + 24, 0 = 3*l - f - 23. Let g be (553 + -1)/3 + -4. What is the highest common factor of g and l?
9
Suppose -71793 = -551*n - 23856. Calculate the greatest common divisor of n and 9.
3
Suppose 0 = -3*b - 4*s + 233 + 60, 5*b - 491 = -4*s. Calculate the greatest common divisor of 1296 and b.
9
Let l(w) = -16*w - 8. Suppose 0 = 2*m + 2*m + 4, 0 = -3*d + m - 17. Let i be l(d). Calculate the greatest common factor of i and 132.
44
Let b be (-9)/(36/(-24232)) + (45 - 58). What is the greatest common factor of 30 and b?
15
Let p be 24*((-2730)/(-63))/26. Let v = -987 + 1427. What is the greatest common divisor of v and p?
40
Let b = 321 + -219. Let z(s) = 4*s**2 - 197*s - 1961. Let g be z(-9). What is the highest common factor of g and b?
34
Let n(c) = 114*c + 2760. Let f be n(-24). Calculate the greatest common divisor of 708 and f.
12
Suppose 490*z + 28 = 491*z. Let o(f) = -f**2 + 27*f + 63. Let b be o(z). Calculate the highest common divisor of 56 and b.
7
Let w(z) be the third derivative of -z**6/120 + z**5/60 + z**4/2 - z**3/3 - 2*z**2 + z. Let s be w(-5). What is the greatest common divisor of s and 33?
11
Suppose -3*o + g + 7607 = 0, 80*o - 76*o + g = 10131. What is the greatest common factor of 70 and o?
14
Let v = -306 + 313. Let l(q) be the first derivative of -q**2/2 + 15*q - 17. Let o be l(14). Calculate the greatest common factor of v and o.
1
Let i(k) = k**3 - k**2 + 4*k. Let a be i(3). Let j(x) = 23*x**2 + 1842*x + 166. Let l be j(-80). Calculate the highest common divisor of a and l.
6
Suppose -4*c + 26 = -5*b - 25, -b + 42 = 5*c. Suppose -c*p + 2835 = 12*p. Calculate the highest common divisor of p and 15.
15
Suppose u - 9*u = -32. Let k(v) = 23*v - 68. Let d be k(u). What is the greatest common factor of d and 16?
8
Let f be (42 - 23844/(-18))*(-6)/(-4). Calculate the greatest common factor of f and 350.
50
Let a(b) = 4*b**2 + 254*b + 1. Let p be a(-65). Calculate the highest common divisor of p and 207.
23
Suppose -m = -8*m + 497. Suppose -w = 3*l - m, -l + 8*w + 20 = 12*w. Let a be 60*(0 + (-2 - -4)). What is the highest common factor of l and a?
24
Let g = -38796 - -46018. Calculate the highest common factor of g and 230.
46
Let x(g) = -13*g + 10. Let d be x(-6). Let r be ((-4)/10)/((-964)/480 - -2). Let j = 59 - r. What is the highest common factor of d and j?
11
Let a(x) = -x**3 - 7*x**2 + 18*x + 29. Let j be a(-9). Let c = 34 + j. Let m = 11 + -4. Calcula